{"id":248,"date":"2026-02-24T04:00:18","date_gmt":"2026-02-24T04:00:18","guid":{"rendered":"https:\/\/kittyblush.click\/?post_type=product&#038;p=248"},"modified":"2026-02-24T04:05:08","modified_gmt":"2026-02-24T04:05:08","slug":"combo-ngot-ngao","status":"publish","type":"product","link":"https:\/\/kittyblush.click\/?product=combo-ngot-ngao","title":{"rendered":"Combo Ng\u1ecdt Ng\u00e0o"},"content":{"rendered":"<h2 data-start=\"96\" data-end=\"136\">\ud83d\udc97 Combo Ng\u1ecdt Ng\u00e0o: Peach Hug + Pinky<\/h2>\n<p data-start=\"138\" data-end=\"461\">N\u1ebfu b\u1ea1n y\u00eau phong c\u00e1ch makeup trong veo th\u00ec <strong data-start=\"222\" data-end=\"260\">Combo Ng\u1ecdt Ng\u00e0o <\/strong>ch\u00ednh l\u00e0 l\u1ef1a ch\u1ecdn ho\u00e0n h\u1ea3o d\u00e0nh cho b\u1ea1n.<\/p>\n<p data-start=\"138\" data-end=\"461\">S\u1ef1 k\u1ebft h\u1ee3p gi\u1eefa s\u1eafc cam \u0111\u00e0o \u1ea5m \u00e1p v\u00e0 t\u00f4ng h\u1ed3ng ng\u1ecdt ng\u00e0o t\u1ea1o n\u00ean hi\u1ec7u \u1ee9ng g\u00f2 m\u00e1 \u1eedng nh\u1eb9 t\u1ef1 nhi\u00ean.<\/p>\n<p data-start=\"138\" data-end=\"461\">Gi\u00fap g\u01b0\u01a1ng m\u1eb7t b\u1eebng s\u00e1ng ngay t\u1ee9c th\u00ec m\u00e0 kh\u00f4ng h\u1ec1 b\u1ecb qu\u00e1 \u0111\u1eadm.<\/p>\n<p data-start=\"463\" data-end=\"879\"><strong data-start=\"463\" data-end=\"476\">Peach Hug<\/strong> mang s\u1eafc cam \u0111\u00e0o m\u1ec1m m\u1ea1i, gi\u00fap da tr\u00f4ng t\u01b0\u01a1i t\u1eafn v\u00e0 c\u00f3 chi\u1ec1u s\u00e2u h\u01a1n.<\/p>\n<p data-start=\"463\" data-end=\"879\">T\u00f4ng m\u00e0u n\u00e0y c\u1ef1c k\u1ef3 ph\u00f9 h\u1ee3p v\u1edbi layout trang \u0111i\u1ec3m nh\u1eb9 nh\u00e0ng h\u1eb1ng ng\u00e0y.<\/p>\n<p data-start=\"463\" data-end=\"879\">\u0110\u1eb7c bi\u1ec7t l\u00e0 phong c\u00e1ch H\u00e0n Qu\u1ed1c thanh l\u1ecbch.<\/p>\n<p data-start=\"463\" data-end=\"879\">Khi k\u1ebft h\u1ee3p c\u00f9ng <strong data-start=\"679\" data-end=\"688\">Pinky<\/strong> \u2013 gam h\u1ed3ng trong tr\u1ebbo, \u0111\u00e1ng y\u00eau \u2013 t\u1ed5ng th\u1ec3 makeup tr\u1edf n\u00ean h\u00e0i h\u00f2a.<\/p>\n<p data-start=\"463\" data-end=\"879\">Gi\u00fap b\u1ea1n tr\u00f4ng tr\u1ebb trung v\u00e0 \u0111\u1ea7y s\u1ee9c s\u1ed1ng.<\/p>\n<p data-start=\"463\" data-end=\"879\">B\u1ea1n c\u00f3 th\u1ec3 d\u00f9ng ri\u00eang t\u1eebng m\u00e0u ho\u1eb7c layering c\u1ea3 hai \u0111\u1ec3 t\u1ea1o hi\u1ec7u \u1ee9ng m\u00e1 h\u1ed3ng chuy\u1ec3n s\u1eafc c\u1ef1c xinh.<\/p>\n<p data-start=\"463\" data-end=\"879\">\u2728 Ch\u1ea5t ph\u1ea5n m\u1ecbn, d\u1ec5 t\u00e1n<br data-start=\"707\" data-end=\"710\" \/>\u2728 L\u00ean m\u00e0u t\u1ef1 nhi\u00ean, kh\u00f4ng b\u1ecb b\u1ec7t<br data-start=\"742\" data-end=\"745\" \/>\u2728 D\u1ec5 ph\u1ed1i h\u1ee3p v\u1edbi nhi\u1ec1u phong c\u00e1ch makeup<\/p>\n<p data-start=\"881\" data-end=\"1112\">Ch\u1ea5t ph\u1ea5n m\u1ecbn, d\u1ec5 t\u00e1n, l\u00ean m\u00e0u chu\u1ea9n nh\u01b0ng v\u1eabn gi\u1eef \u0111\u01b0\u1ee3c \u0111\u1ed9 t\u1ef1 nhi\u00ean.<\/p>\n<p data-start=\"881\" data-end=\"1112\">D\u00f9 b\u1ea1n l\u00e0 ng\u01b0\u1eddi m\u1edbi t\u1eadp makeup hay \u0111\u00e3 quen tay trang \u0111i\u1ec3m, combo n\u00e0y \u0111\u1ec1u r\u1ea5t d\u1ec5 s\u1eed d\u1ee5ng.<\/p>\n<p data-start=\"881\" data-end=\"1112\">Ph\u00f9 h\u1ee3p \u0111i h\u1ecdc, \u0111i l\u00e0m, c\u00e0 ph\u00ea cu\u1ed1i tu\u1ea7n hay nh\u1eefng bu\u1ed5i h\u1eb9n h\u00f2 nh\u1eb9 nh\u00e0ng.<\/p>\n<p data-start=\"1114\" data-end=\"1330\">\u0110\u1eb7c bi\u1ec7t, khi mua theo combo, b\u1ea1n s\u1ebd ti\u1ebft ki\u1ec7m h\u01a1n so v\u1edbi mua l\u1ebb t\u1eebng s\u1ea3n ph\u1ea9m.<\/p>\n<p data-start=\"1114\" data-end=\"1330\">Hai s\u1eafc \u0111\u1ed9 \u201ck\u1eb9o ng\u1ecdt\u201d trong m\u1ed9t set gi\u00fap b\u1ea1n linh ho\u1ea1t thay \u0111\u1ed5i phong c\u00e1ch m\u1ed7i ng\u00e0y.<\/p>\n<p data-start=\"1114\" data-end=\"1330\">M\u00e0 v\u1eabn gi\u1eef tr\u1ecdn vibe \u0111\u00e1ng y\u00eau \u0111\u00fang ch\u1ea5t Kitty Blush.<\/p>\n<p data-start=\"1332\" data-end=\"1395\" data-is-last-node=\"\" data-is-only-node=\"\">\ud83d\udc84 M\u1ed9t combo nh\u1ecf xinh \u2013 nh\u01b0ng \u0111\u1ee7 khi\u1ebfn b\u1ea1n t\u1ecfa s\u00e1ng c\u1ea3 ng\u00e0y. \ud83d\udc97<\/p>\n<p>https:\/\/kittyblush.click\/<\/p>\n","protected":false},"excerpt":{"rendered":"<p>N\u1ebfu b\u1ea1n y\u00eau phong c\u00e1ch makeup trong veo, d\u1ecbu d\u00e0ng nh\u01b0 nh\u1eefng bu\u1ed5i chi\u1ec1u n\u1eafng nh\u1eb9 th\u00ec <strong data-start=\"222\" data-end=\"260\">Combo Ng\u1ecdt Ng\u00e0o: Peach Hug + Pinky<\/strong> ch\u00ednh l\u00e0 l\u1ef1a ch\u1ecdn ho\u00e0n h\u1ea3o d\u00e0nh cho b\u1ea1n. S\u1ef1 k\u1ebft h\u1ee3p gi\u1eefa s\u1eafc cam \u0111\u00e0o \u1ea5m \u00e1p v\u00e0 t\u00f4ng h\u1ed3ng ng\u1ecdt ng\u00e0o t\u1ea1o n\u00ean hi\u1ec7u \u1ee9ng g\u00f2 m\u00e1 \u1eedng nh\u1eb9 t\u1ef1 nhi\u00ean, gi\u00fap g\u01b0\u01a1ng m\u1eb7t b\u1eebng s\u00e1ng ngay t\u1ee9c th\u00ec m\u00e0 kh\u00f4ng h\u1ec1 b\u1ecb qu\u00e1 \u0111\u1eadm.<\/p>\n","protected":false},"featured_media":252,"comment_status":"open","ping_status":"closed","template":"","meta":[],"product_brand":[],"product_cat":[23],"product_tag":[],"class_list":{"0":"post-248","1":"product","2":"type-product","3":"status-publish","4":"has-post-thumbnail","6":"product_cat-ma-hong","8":"first","9":"instock","10":"sale","11":"shipping-taxable","12":"purchasable","13":"product-type-woosb"},"yoast_head":"<!-- This site is optimized with the Yoast SEO plugin v26.7 - https:\/\/yoast.com\/wordpress\/plugins\/seo\/ -->\n<title>Combo Ng\u1ecdt Ng\u00e0o - Kitty Blush<\/title>\n<meta name=\"description\" content=\"M\u1ed9t ch\u00fat \u0111\u00e0o d\u1ecbu d\u00e0ng, m\u1ed9t ch\u00fat h\u1ed3ng trong veo \u2013 Combo Ng\u1ecdt Ng\u00e0o: Peach Hug + Pinky sinh ra d\u00e0nh cho nh\u1eefng c\u00f4 n\u00e0ng mu\u1ed1n g\u01b0\u01a1ng m\u1eb7t lu\u00f4n t\u01b0\u01a1i t\u1eafn, r\u1ea1ng r\u1ee1.\" \/>\n<meta name=\"robots\" content=\"index, follow, max-snippet:-1, max-image-preview:large, max-video-preview:-1\" \/>\n<link rel=\"canonical\" href=\"https:\/\/kittyblush.click\/?product=combo-ngot-ngao\" \/>\n<meta property=\"og:locale\" content=\"vi_VN\" \/>\n<meta property=\"og:type\" content=\"article\" \/>\n<meta property=\"og:title\" content=\"Combo Ng\u1ecdt Ng\u00e0o - Kitty Blush\" \/>\n<meta property=\"og:description\" content=\"M\u1ed9t ch\u00fat \u0111\u00e0o d\u1ecbu d\u00e0ng, m\u1ed9t ch\u00fat h\u1ed3ng trong veo \u2013 Combo Ng\u1ecdt Ng\u00e0o: Peach Hug + Pinky sinh ra d\u00e0nh cho nh\u1eefng c\u00f4 n\u00e0ng mu\u1ed1n g\u01b0\u01a1ng m\u1eb7t lu\u00f4n t\u01b0\u01a1i t\u1eafn, r\u1ea1ng r\u1ee1.\" \/>\n<meta property=\"og:url\" content=\"https:\/\/kittyblush.click\/?product=combo-ngot-ngao\" \/>\n<meta property=\"og:site_name\" content=\"Kitty Blush\" \/>\n<meta property=\"article:modified_time\" content=\"2026-02-24T04:05:08+00:00\" \/>\n<meta property=\"og:image\" content=\"https:\/\/kittyblush.click\/wp-content\/uploads\/2026\/02\/21f5e859-7dfb-4e27-bf40-e057d72ca28c.png\" \/>\n\t<meta property=\"og:image:width\" content=\"1024\" \/>\n\t<meta property=\"og:image:height\" content=\"1024\" \/>\n\t<meta property=\"og:image:type\" content=\"image\/png\" \/>\n<meta name=\"twitter:card\" content=\"summary_large_image\" \/>\n<meta name=\"twitter:label1\" content=\"\u01af\u1edbc t\u00ednh th\u1eddi gian \u0111\u1ecdc\" \/>\n\t<meta name=\"twitter:data1\" content=\"2 ph\u00fat\" \/>\n<script type=\"application\/ld+json\" class=\"yoast-schema-graph\">{\"@context\":\"https:\/\/schema.org\",\"@graph\":[{\"@type\":\"WebPage\",\"@id\":\"https:\/\/kittyblush.click\/?product=combo-ngot-ngao\",\"url\":\"https:\/\/kittyblush.click\/?product=combo-ngot-ngao\",\"name\":\"Combo Ng\u1ecdt Ng\u00e0o - Kitty Blush\",\"isPartOf\":{\"@id\":\"https:\/\/kittyblush.click\/#website\"},\"primaryImageOfPage\":{\"@id\":\"https:\/\/kittyblush.click\/?product=combo-ngot-ngao#primaryimage\"},\"image\":{\"@id\":\"https:\/\/kittyblush.click\/?product=combo-ngot-ngao#primaryimage\"},\"thumbnailUrl\":\"https:\/\/kittyblush.click\/wp-content\/uploads\/2026\/02\/21f5e859-7dfb-4e27-bf40-e057d72ca28c.png\",\"datePublished\":\"2026-02-24T04:00:18+00:00\",\"dateModified\":\"2026-02-24T04:05:08+00:00\",\"description\":\"M\u1ed9t ch\u00fat \u0111\u00e0o d\u1ecbu d\u00e0ng, m\u1ed9t ch\u00fat h\u1ed3ng trong veo \u2013 Combo Ng\u1ecdt Ng\u00e0o: Peach Hug + Pinky sinh ra d\u00e0nh cho nh\u1eefng c\u00f4 n\u00e0ng mu\u1ed1n g\u01b0\u01a1ng m\u1eb7t lu\u00f4n t\u01b0\u01a1i t\u1eafn, r\u1ea1ng r\u1ee1.\",\"breadcrumb\":{\"@id\":\"https:\/\/kittyblush.click\/?product=combo-ngot-ngao#breadcrumb\"},\"inLanguage\":\"vi\",\"potentialAction\":[{\"@type\":\"ReadAction\",\"target\":[\"https:\/\/kittyblush.click\/?product=combo-ngot-ngao\"]}]},{\"@type\":\"ImageObject\",\"inLanguage\":\"vi\",\"@id\":\"https:\/\/kittyblush.click\/?product=combo-ngot-ngao#primaryimage\",\"url\":\"https:\/\/kittyblush.click\/wp-content\/uploads\/2026\/02\/21f5e859-7dfb-4e27-bf40-e057d72ca28c.png\",\"contentUrl\":\"https:\/\/kittyblush.click\/wp-content\/uploads\/2026\/02\/21f5e859-7dfb-4e27-bf40-e057d72ca28c.png\",\"width\":1024,\"height\":1024},{\"@type\":\"BreadcrumbList\",\"@id\":\"https:\/\/kittyblush.click\/?product=combo-ngot-ngao#breadcrumb\",\"itemListElement\":[{\"@type\":\"ListItem\",\"position\":1,\"name\":\"Home\",\"item\":\"https:\/\/kittyblush.click\/\"},{\"@type\":\"ListItem\",\"position\":2,\"name\":\"Shop\",\"item\":\"https:\/\/kittyblush.click\/?page_id=5\"},{\"@type\":\"ListItem\",\"position\":3,\"name\":\"Combo Ng\u1ecdt Ng\u00e0o\"}]},{\"@type\":\"WebSite\",\"@id\":\"https:\/\/kittyblush.click\/#website\",\"url\":\"https:\/\/kittyblush.click\/\",\"name\":\"Kitty Blush\",\"description\":\"\",\"potentialAction\":[{\"@type\":\"SearchAction\",\"target\":{\"@type\":\"EntryPoint\",\"urlTemplate\":\"https:\/\/kittyblush.click\/?s={search_term_string}\"},\"query-input\":{\"@type\":\"PropertyValueSpecification\",\"valueRequired\":true,\"valueName\":\"search_term_string\"}}],\"inLanguage\":\"vi\"}]}<\/script>\n<!-- \/ Yoast SEO plugin. -->","yoast_head_json":{"title":"Combo Ng\u1ecdt Ng\u00e0o - Kitty Blush","description":"M\u1ed9t ch\u00fat \u0111\u00e0o d\u1ecbu d\u00e0ng, m\u1ed9t ch\u00fat h\u1ed3ng trong veo \u2013 Combo Ng\u1ecdt Ng\u00e0o: Peach Hug + Pinky sinh ra d\u00e0nh cho nh\u1eefng c\u00f4 n\u00e0ng mu\u1ed1n g\u01b0\u01a1ng m\u1eb7t lu\u00f4n t\u01b0\u01a1i t\u1eafn, r\u1ea1ng r\u1ee1.","robots":{"index":"index","follow":"follow","max-snippet":"max-snippet:-1","max-image-preview":"max-image-preview:large","max-video-preview":"max-video-preview:-1"},"canonical":"https:\/\/kittyblush.click\/?product=combo-ngot-ngao","og_locale":"vi_VN","og_type":"article","og_title":"Combo Ng\u1ecdt Ng\u00e0o - Kitty Blush","og_description":"M\u1ed9t ch\u00fat \u0111\u00e0o d\u1ecbu d\u00e0ng, m\u1ed9t ch\u00fat h\u1ed3ng trong veo \u2013 Combo Ng\u1ecdt Ng\u00e0o: Peach Hug + Pinky sinh ra d\u00e0nh cho nh\u1eefng c\u00f4 n\u00e0ng mu\u1ed1n g\u01b0\u01a1ng m\u1eb7t lu\u00f4n t\u01b0\u01a1i t\u1eafn, r\u1ea1ng r\u1ee1.","og_url":"https:\/\/kittyblush.click\/?product=combo-ngot-ngao","og_site_name":"Kitty Blush","article_modified_time":"2026-02-24T04:05:08+00:00","og_image":[{"width":1024,"height":1024,"url":"https:\/\/kittyblush.click\/wp-content\/uploads\/2026\/02\/21f5e859-7dfb-4e27-bf40-e057d72ca28c.png","type":"image\/png"}],"twitter_card":"summary_large_image","twitter_misc":{"\u01af\u1edbc t\u00ednh th\u1eddi gian \u0111\u1ecdc":"2 ph\u00fat"},"schema":{"@context":"https:\/\/schema.org","@graph":[{"@type":"WebPage","@id":"https:\/\/kittyblush.click\/?product=combo-ngot-ngao","url":"https:\/\/kittyblush.click\/?product=combo-ngot-ngao","name":"Combo Ng\u1ecdt Ng\u00e0o - Kitty Blush","isPartOf":{"@id":"https:\/\/kittyblush.click\/#website"},"primaryImageOfPage":{"@id":"https:\/\/kittyblush.click\/?product=combo-ngot-ngao#primaryimage"},"image":{"@id":"https:\/\/kittyblush.click\/?product=combo-ngot-ngao#primaryimage"},"thumbnailUrl":"https:\/\/kittyblush.click\/wp-content\/uploads\/2026\/02\/21f5e859-7dfb-4e27-bf40-e057d72ca28c.png","datePublished":"2026-02-24T04:00:18+00:00","dateModified":"2026-02-24T04:05:08+00:00","description":"M\u1ed9t ch\u00fat \u0111\u00e0o d\u1ecbu d\u00e0ng, m\u1ed9t ch\u00fat h\u1ed3ng trong veo \u2013 Combo Ng\u1ecdt Ng\u00e0o: Peach Hug + Pinky sinh ra d\u00e0nh cho nh\u1eefng c\u00f4 n\u00e0ng mu\u1ed1n g\u01b0\u01a1ng m\u1eb7t lu\u00f4n t\u01b0\u01a1i t\u1eafn, r\u1ea1ng r\u1ee1.","breadcrumb":{"@id":"https:\/\/kittyblush.click\/?product=combo-ngot-ngao#breadcrumb"},"inLanguage":"vi","potentialAction":[{"@type":"ReadAction","target":["https:\/\/kittyblush.click\/?product=combo-ngot-ngao"]}]},{"@type":"ImageObject","inLanguage":"vi","@id":"https:\/\/kittyblush.click\/?product=combo-ngot-ngao#primaryimage","url":"https:\/\/kittyblush.click\/wp-content\/uploads\/2026\/02\/21f5e859-7dfb-4e27-bf40-e057d72ca28c.png","contentUrl":"https:\/\/kittyblush.click\/wp-content\/uploads\/2026\/02\/21f5e859-7dfb-4e27-bf40-e057d72ca28c.png","width":1024,"height":1024},{"@type":"BreadcrumbList","@id":"https:\/\/kittyblush.click\/?product=combo-ngot-ngao#breadcrumb","itemListElement":[{"@type":"ListItem","position":1,"name":"Home","item":"https:\/\/kittyblush.click\/"},{"@type":"ListItem","position":2,"name":"Shop","item":"https:\/\/kittyblush.click\/?page_id=5"},{"@type":"ListItem","position":3,"name":"Combo Ng\u1ecdt Ng\u00e0o"}]},{"@type":"WebSite","@id":"https:\/\/kittyblush.click\/#website","url":"https:\/\/kittyblush.click\/","name":"Kitty Blush","description":"","potentialAction":[{"@type":"SearchAction","target":{"@type":"EntryPoint","urlTemplate":"https:\/\/kittyblush.click\/?s={search_term_string}"},"query-input":{"@type":"PropertyValueSpecification","valueRequired":true,"valueName":"search_term_string"}}],"inLanguage":"vi"}]}},"_links":{"self":[{"href":"https:\/\/kittyblush.click\/index.php?rest_route=\/wp\/v2\/product\/248","targetHints":{"allow":["GET"]}}],"collection":[{"href":"https:\/\/kittyblush.click\/index.php?rest_route=\/wp\/v2\/product"}],"about":[{"href":"https:\/\/kittyblush.click\/index.php?rest_route=\/wp\/v2\/types\/product"}],"replies":[{"embeddable":true,"href":"https:\/\/kittyblush.click\/index.php?rest_route=%2Fwp%2Fv2%2Fcomments&post=248"}],"wp:featuredmedia":[{"embeddable":true,"href":"https:\/\/kittyblush.click\/index.php?rest_route=\/wp\/v2\/media\/252"}],"wp:attachment":[{"href":"https:\/\/kittyblush.click\/index.php?rest_route=%2Fwp%2Fv2%2Fmedia&parent=248"}],"wp:term":[{"taxonomy":"product_brand","embeddable":true,"href":"https:\/\/kittyblush.click\/index.php?rest_route=%2Fwp%2Fv2%2Fproduct_brand&post=248"},{"taxonomy":"product_cat","embeddable":true,"href":"https:\/\/kittyblush.click\/index.php?rest_route=%2Fwp%2Fv2%2Fproduct_cat&post=248"},{"taxonomy":"product_tag","embeddable":true,"href":"https:\/\/kittyblush.click\/index.php?rest_route=%2Fwp%2Fv2%2Fproduct_tag&post=248"}],"curies":[{"name":"wp","href":"https:\/\/api.w.org\/{rel}","templated":true}]}}