{"id":253,"date":"2026-02-24T04:21:23","date_gmt":"2026-02-24T04:21:23","guid":{"rendered":"https:\/\/kittyblush.click\/?page_id=253"},"modified":"2026-02-24T04:21:25","modified_gmt":"2026-02-24T04:21:25","slug":"https-kittyblush-click-wp-admin-site-editor-phpcanvaseditp%2fwp_template%2fcandles-shop%2f%2ffront-page","status":"publish","type":"page","link":"https:\/\/kittyblush.click\/?page_id=253","title":{"rendered":"LI\u00caN H\u1ec6 KITTY BLUSH"},"content":{"rendered":"\n<p><strong>Th\u01b0\u01a1ng hi\u1ec7u:<\/strong> Kitty Blush<br><strong>S\u1ea3n ph\u1ea9m n\u1ed5i b\u1eadt:<\/strong> Peach Hug, Pinky, Rose, Coral, Nude Pink<\/p>\n\n\n\n<hr class=\"wp-block-separator has-alpha-channel-opacity\"\/>\n\n\n\n<h2 class=\"wp-block-heading\"> Th\u00f4ng tin li\u00ean h\u1ec7<\/h2>\n\n\n\n<p>\u0110\u1ecba ch\u1ec9: Kitty Blush<br> Hotline: 0367954554<br> Email: hanntntb02145@gmail.com<br> Website: yourwebsite.com<\/p>\n\n\n\n<hr class=\"wp-block-separator has-alpha-channel-opacity\"\/>\n\n\n\n<h2 class=\"wp-block-heading\"> Mua h\u00e0ng nhanh<\/h2>\n\n\n\n<p>\u0110\u1eb7t h\u00e0ng qua Facebook<br> \u0110\u1eb7t h\u00e0ng qua Zalo<br> Nh\u1eafn tin tr\u1ef1c ti\u1ebfp tr\u00ean website<\/p>\n\n\n\n<figure class=\"wp-block-image size-full is-resized\"><img loading=\"lazy\" decoding=\"async\" width=\"552\" height=\"368\" src=\"https:\/\/kittyblush.click\/wp-content\/uploads\/2026\/01\/image-14.png\" alt=\"\" class=\"wp-image-140\" style=\"aspect-ratio:2.1083333333333334;width:413px;height:auto\" srcset=\"https:\/\/kittyblush.click\/wp-content\/uploads\/2026\/01\/image-14.png 552w, https:\/\/kittyblush.click\/wp-content\/uploads\/2026\/01\/image-14-300x200.png 300w\" sizes=\"auto, (max-width: 552px) 100vw, 552px\" \/><\/figure>\n\n\n\n<p><a href=\"https:\/\/kittyblush.click\/wp-admin\/site-editor.php?canvas=edit&amp;p=%2Fwp_template%2Fcandles-shop%2F%2Ffront-page\">https:\/\/kittyblush.click\/wp-admin\/site-editor.php?canvas=edit&amp;p=%2Fwp_template%2Fcandles-shop%2F%2Ffront-page<\/a><\/p>\n\n\n\n<p>LI\u00caN H\u1ec6 KITTY BLUSH<\/p>\n\n\n\n<p><\/p>\n","protected":false},"excerpt":{"rendered":"<p>Th\u01b0\u01a1ng hi\u1ec7u: Kitty BlushS\u1ea3n ph\u1ea9m n\u1ed5i b\u1eadt: Peach Hug, Pinky, Rose, Coral, Nude Pink Th\u00f4ng tin li\u00ean h\u1ec7 \u0110\u1ecba ch\u1ec9: Kitty Blush Hotline: 0367954554 Email: hanntntb02145@gmail.com Website: yourwebsite.com Mua h\u00e0ng nhanh \u0110\u1eb7t h\u00e0ng qua Facebook \u0110\u1eb7t h\u00e0ng qua Zalo Nh\u1eafn tin tr\u1ef1c ti\u1ebfp tr\u00ean website https:\/\/kittyblush.click\/wp-admin\/site-editor.php?canvas=edit&amp;p=%2Fwp_template%2Fcandles-shop%2F%2Ffront-page LI\u00caN H\u1ec6 KITTY BLUSH<\/p>\n","protected":false},"author":1,"featured_media":252,"parent":0,"menu_order":0,"comment_status":"closed","ping_status":"closed","template":"","meta":{"footnotes":""},"class_list":["post-253","page","type-page","status-publish","has-post-thumbnail","hentry"],"yoast_head":"<!-- This site is optimized with the Yoast SEO plugin v26.7 - https:\/\/yoast.com\/wordpress\/plugins\/seo\/ -->\n<title>LI\u00caN H\u1ec6 KITTY BLUSH - Kitty Blush<\/title>\n<meta name=\"description\" content=\"LI\u00caN H\u1ec6 KITTY BLUSH S\u1eafc H\u1ed3ng Nude T\u1ef1 Nhi\u00ean, Thanh L\u1ecbch, \u0111\u00e1ng y\u00eau, d\u1ec5 d\u00f9ng, l\u00ean m\u00e0u chu\u1ea9n, ph\u00f9 h\u1ee3p v\u1edbi m\u1ecdi lo\u1ea1i da\" \/>\n<meta name=\"robots\" content=\"index, follow, max-snippet:-1, max-image-preview:large, max-video-preview:-1\" \/>\n<link rel=\"canonical\" href=\"https:\/\/kittyblush.click\/?page_id=253\" \/>\n<meta property=\"og:locale\" content=\"vi_VN\" \/>\n<meta property=\"og:type\" content=\"article\" \/>\n<meta property=\"og:title\" content=\"LI\u00caN H\u1ec6 KITTY BLUSH - Kitty Blush\" \/>\n<meta property=\"og:description\" content=\"LI\u00caN H\u1ec6 KITTY BLUSH S\u1eafc H\u1ed3ng Nude T\u1ef1 Nhi\u00ean, Thanh L\u1ecbch, \u0111\u00e1ng y\u00eau, d\u1ec5 d\u00f9ng, l\u00ean m\u00e0u chu\u1ea9n, ph\u00f9 h\u1ee3p v\u1edbi m\u1ecdi lo\u1ea1i da\" \/>\n<meta property=\"og:url\" content=\"https:\/\/kittyblush.click\/?page_id=253\" \/>\n<meta property=\"og:site_name\" content=\"Kitty Blush\" \/>\n<meta property=\"article:modified_time\" content=\"2026-02-24T04:21:25+00:00\" \/>\n<meta property=\"og:image\" content=\"https:\/\/kittyblush.click\/wp-content\/uploads\/2026\/02\/21f5e859-7dfb-4e27-bf40-e057d72ca28c.png\" \/>\n\t<meta property=\"og:image:width\" content=\"1024\" \/>\n\t<meta property=\"og:image:height\" content=\"1024\" \/>\n\t<meta property=\"og:image:type\" content=\"image\/png\" \/>\n<meta name=\"twitter:card\" content=\"summary_large_image\" \/>\n<meta name=\"twitter:label1\" content=\"\u01af\u1edbc t\u00ednh th\u1eddi gian \u0111\u1ecdc\" \/>\n\t<meta name=\"twitter:data1\" content=\"1 ph\u00fat\" \/>\n<script type=\"application\/ld+json\" class=\"yoast-schema-graph\">{\"@context\":\"https:\/\/schema.org\",\"@graph\":[{\"@type\":\"WebPage\",\"@id\":\"https:\/\/kittyblush.click\/?page_id=253\",\"url\":\"https:\/\/kittyblush.click\/?page_id=253\",\"name\":\"LI\u00caN H\u1ec6 KITTY BLUSH - Kitty Blush\",\"isPartOf\":{\"@id\":\"https:\/\/kittyblush.click\/#website\"},\"primaryImageOfPage\":{\"@id\":\"https:\/\/kittyblush.click\/?page_id=253#primaryimage\"},\"image\":{\"@id\":\"https:\/\/kittyblush.click\/?page_id=253#primaryimage\"},\"thumbnailUrl\":\"https:\/\/kittyblush.click\/wp-content\/uploads\/2026\/02\/21f5e859-7dfb-4e27-bf40-e057d72ca28c.png\",\"datePublished\":\"2026-02-24T04:21:23+00:00\",\"dateModified\":\"2026-02-24T04:21:25+00:00\",\"description\":\"LI\u00caN H\u1ec6 KITTY BLUSH S\u1eafc H\u1ed3ng Nude T\u1ef1 Nhi\u00ean, Thanh L\u1ecbch, \u0111\u00e1ng y\u00eau, d\u1ec5 d\u00f9ng, l\u00ean m\u00e0u chu\u1ea9n, ph\u00f9 h\u1ee3p v\u1edbi m\u1ecdi lo\u1ea1i da\",\"breadcrumb\":{\"@id\":\"https:\/\/kittyblush.click\/?page_id=253#breadcrumb\"},\"inLanguage\":\"vi\",\"potentialAction\":[{\"@type\":\"ReadAction\",\"target\":[\"https:\/\/kittyblush.click\/?page_id=253\"]}]},{\"@type\":\"ImageObject\",\"inLanguage\":\"vi\",\"@id\":\"https:\/\/kittyblush.click\/?page_id=253#primaryimage\",\"url\":\"https:\/\/kittyblush.click\/wp-content\/uploads\/2026\/02\/21f5e859-7dfb-4e27-bf40-e057d72ca28c.png\",\"contentUrl\":\"https:\/\/kittyblush.click\/wp-content\/uploads\/2026\/02\/21f5e859-7dfb-4e27-bf40-e057d72ca28c.png\",\"width\":1024,\"height\":1024},{\"@type\":\"BreadcrumbList\",\"@id\":\"https:\/\/kittyblush.click\/?page_id=253#breadcrumb\",\"itemListElement\":[{\"@type\":\"ListItem\",\"position\":1,\"name\":\"Home\",\"item\":\"https:\/\/kittyblush.click\/\"},{\"@type\":\"ListItem\",\"position\":2,\"name\":\"LI\u00caN H\u1ec6 KITTY BLUSH\"}]},{\"@type\":\"WebSite\",\"@id\":\"https:\/\/kittyblush.click\/#website\",\"url\":\"https:\/\/kittyblush.click\/\",\"name\":\"Kitty Blush\",\"description\":\"\",\"potentialAction\":[{\"@type\":\"SearchAction\",\"target\":{\"@type\":\"EntryPoint\",\"urlTemplate\":\"https:\/\/kittyblush.click\/?s={search_term_string}\"},\"query-input\":{\"@type\":\"PropertyValueSpecification\",\"valueRequired\":true,\"valueName\":\"search_term_string\"}}],\"inLanguage\":\"vi\"}]}<\/script>\n<!-- \/ Yoast SEO plugin. -->","yoast_head_json":{"title":"LI\u00caN H\u1ec6 KITTY BLUSH - Kitty Blush","description":"LI\u00caN H\u1ec6 KITTY BLUSH S\u1eafc H\u1ed3ng Nude T\u1ef1 Nhi\u00ean, Thanh L\u1ecbch, \u0111\u00e1ng y\u00eau, d\u1ec5 d\u00f9ng, l\u00ean m\u00e0u chu\u1ea9n, ph\u00f9 h\u1ee3p v\u1edbi m\u1ecdi lo\u1ea1i da","robots":{"index":"index","follow":"follow","max-snippet":"max-snippet:-1","max-image-preview":"max-image-preview:large","max-video-preview":"max-video-preview:-1"},"canonical":"https:\/\/kittyblush.click\/?page_id=253","og_locale":"vi_VN","og_type":"article","og_title":"LI\u00caN H\u1ec6 KITTY BLUSH - Kitty Blush","og_description":"LI\u00caN H\u1ec6 KITTY BLUSH S\u1eafc H\u1ed3ng Nude T\u1ef1 Nhi\u00ean, Thanh L\u1ecbch, \u0111\u00e1ng y\u00eau, d\u1ec5 d\u00f9ng, l\u00ean m\u00e0u chu\u1ea9n, ph\u00f9 h\u1ee3p v\u1edbi m\u1ecdi lo\u1ea1i da","og_url":"https:\/\/kittyblush.click\/?page_id=253","og_site_name":"Kitty Blush","article_modified_time":"2026-02-24T04:21:25+00:00","og_image":[{"width":1024,"height":1024,"url":"https:\/\/kittyblush.click\/wp-content\/uploads\/2026\/02\/21f5e859-7dfb-4e27-bf40-e057d72ca28c.png","type":"image\/png"}],"twitter_card":"summary_large_image","twitter_misc":{"\u01af\u1edbc t\u00ednh th\u1eddi gian \u0111\u1ecdc":"1 ph\u00fat"},"schema":{"@context":"https:\/\/schema.org","@graph":[{"@type":"WebPage","@id":"https:\/\/kittyblush.click\/?page_id=253","url":"https:\/\/kittyblush.click\/?page_id=253","name":"LI\u00caN H\u1ec6 KITTY BLUSH - Kitty Blush","isPartOf":{"@id":"https:\/\/kittyblush.click\/#website"},"primaryImageOfPage":{"@id":"https:\/\/kittyblush.click\/?page_id=253#primaryimage"},"image":{"@id":"https:\/\/kittyblush.click\/?page_id=253#primaryimage"},"thumbnailUrl":"https:\/\/kittyblush.click\/wp-content\/uploads\/2026\/02\/21f5e859-7dfb-4e27-bf40-e057d72ca28c.png","datePublished":"2026-02-24T04:21:23+00:00","dateModified":"2026-02-24T04:21:25+00:00","description":"LI\u00caN H\u1ec6 KITTY BLUSH S\u1eafc H\u1ed3ng Nude T\u1ef1 Nhi\u00ean, Thanh L\u1ecbch, \u0111\u00e1ng y\u00eau, d\u1ec5 d\u00f9ng, l\u00ean m\u00e0u chu\u1ea9n, ph\u00f9 h\u1ee3p v\u1edbi m\u1ecdi lo\u1ea1i da","breadcrumb":{"@id":"https:\/\/kittyblush.click\/?page_id=253#breadcrumb"},"inLanguage":"vi","potentialAction":[{"@type":"ReadAction","target":["https:\/\/kittyblush.click\/?page_id=253"]}]},{"@type":"ImageObject","inLanguage":"vi","@id":"https:\/\/kittyblush.click\/?page_id=253#primaryimage","url":"https:\/\/kittyblush.click\/wp-content\/uploads\/2026\/02\/21f5e859-7dfb-4e27-bf40-e057d72ca28c.png","contentUrl":"https:\/\/kittyblush.click\/wp-content\/uploads\/2026\/02\/21f5e859-7dfb-4e27-bf40-e057d72ca28c.png","width":1024,"height":1024},{"@type":"BreadcrumbList","@id":"https:\/\/kittyblush.click\/?page_id=253#breadcrumb","itemListElement":[{"@type":"ListItem","position":1,"name":"Home","item":"https:\/\/kittyblush.click\/"},{"@type":"ListItem","position":2,"name":"LI\u00caN H\u1ec6 KITTY BLUSH"}]},{"@type":"WebSite","@id":"https:\/\/kittyblush.click\/#website","url":"https:\/\/kittyblush.click\/","name":"Kitty Blush","description":"","potentialAction":[{"@type":"SearchAction","target":{"@type":"EntryPoint","urlTemplate":"https:\/\/kittyblush.click\/?s={search_term_string}"},"query-input":{"@type":"PropertyValueSpecification","valueRequired":true,"valueName":"search_term_string"}}],"inLanguage":"vi"}]}},"_links":{"self":[{"href":"https:\/\/kittyblush.click\/index.php?rest_route=\/wp\/v2\/pages\/253","targetHints":{"allow":["GET"]}}],"collection":[{"href":"https:\/\/kittyblush.click\/index.php?rest_route=\/wp\/v2\/pages"}],"about":[{"href":"https:\/\/kittyblush.click\/index.php?rest_route=\/wp\/v2\/types\/page"}],"author":[{"embeddable":true,"href":"https:\/\/kittyblush.click\/index.php?rest_route=\/wp\/v2\/users\/1"}],"replies":[{"embeddable":true,"href":"https:\/\/kittyblush.click\/index.php?rest_route=%2Fwp%2Fv2%2Fcomments&post=253"}],"version-history":[{"count":2,"href":"https:\/\/kittyblush.click\/index.php?rest_route=\/wp\/v2\/pages\/253\/revisions"}],"predecessor-version":[{"id":258,"href":"https:\/\/kittyblush.click\/index.php?rest_route=\/wp\/v2\/pages\/253\/revisions\/258"}],"wp:featuredmedia":[{"embeddable":true,"href":"https:\/\/kittyblush.click\/index.php?rest_route=\/wp\/v2\/media\/252"}],"wp:attachment":[{"href":"https:\/\/kittyblush.click\/index.php?rest_route=%2Fwp%2Fv2%2Fmedia&parent=253"}],"curies":[{"name":"wp","href":"https:\/\/api.w.org\/{rel}","templated":true}]}}